{"id":252,"date":"2016-04-18T17:03:24","date_gmt":"2016-04-18T15:03:24","guid":{"rendered":"http:\/\/villa.o3digital.net\/it\/la-villa\/"},"modified":"2026-02-04T15:34:21","modified_gmt":"2026-02-04T14:34:21","slug":"la-villa","status":"publish","type":"page","link":"https:\/\/www.lavillafrancesca.com\/it\/la-villa\/","title":{"rendered":"La villa"},"content":{"rendered":"<div class=\"wpb-content-wrapper\"><p>[vc_row][vc_column]<div id=\"ultimate-heading-507369f50bf2f29e0\" class=\"uvc-heading ult-adjust-bottom-margin ultimate-heading-507369f50bf2f29e0 uvc-8999 \" data-hspacer=\"no_spacer\"  data-halign=\"center\" style=\"text-align:center\"><div class=\"uvc-heading-spacer no_spacer\" style=\"top\"><\/div><div class=\"uvc-main-heading ult-responsive\"  data-ultimate-target='.uvc-heading.ultimate-heading-507369f50bf2f29e0 h2'  data-responsive-json-new='{\"font-size\":\"\",\"line-height\":\"\"}' ><h2 style=\"font-weight:normal;\">Lusso, calma e volutt\u00e0 sono le parole chiave del vostro soggiorno a VILLA FRANCESCA.<\/h2><\/div><\/div>[vc_empty_space height=&#8221;50px&#8221;][vc_column_text]<\/p>\n<p class=\"western\" align=\"justify\">\u00c8 un ambiente raffinato e familiare immerso tra gli ulivi. A prima vista questa villa lascia immaginare uno stile contemporaneo, indipendente, che si estende su una superficie di 600 metri quadrati. All\u2019interno la decorazione lascia il posto ai viaggi tra l\u2019Occidente e l\u2019Oriente, con la particolarit\u00e0 di godere di una vista panoramica grazie alle vetrate che circondano questa dimora e lasciano entrare i caldi raggi del sole, permettendo di contemplare dei paesaggi lavorati con un\u2019opera pittorica grazie ad una vasta gamma di vegetazione, un vero chiaroscuro di colori. La villa conta in totale dieci camere, ognuna dotata di bagno privato.<\/p>\n<p class=\"western\" align=\"justify\">Da un lato voi sarete di fronte alla costa selvaggia, dall\u2019altro di fronte alla vista spettacolare del mar iono. Il relax nel giardino vi invita a crogiolarvi sulle sedie a sdraio dove la vostra tranquillit\u00e0 sar\u00e0 deliziata dal canto melodico delle cicale. Lusso, calma e volutt\u00e0 sono le parole chiave del vostro soggiorno a VILLA FRANCESCA.<\/p>\n<p>Vi proponiamo l\u2019opportunit\u00e0 di affitare questa propriet\u00e0, una camera oppure anche una suite con un accesso a la piscina, al gardino, ma anche nei diversi <a href=\"https:\/\/www.lavillafrancesca.com\/it\/servizi\/\">servizi<\/a> offerti dalla Villa Francesca[\/vc_column_text][vc_empty_space height=&#8221;30px&#8221;][vc_separator][vc_media_grid style=&#8221;pagination&#8221; items_per_page=&#8221;4&#8243; element_width=&#8221;3&#8243; arrows_design=&#8221;vc_arrow-icon-arrow_04_left&#8221; arrows_color=&#8221;white&#8221; paging_design=&#8221;point_dots&#8221; loop=&#8221;yes&#8221; grid_id=&#8221;vc_gid:1480346296401-b1c98e3c-6289-1&#8243; paging_animation_in=&#8221;fadeIn&#8221; paging_animation_out=&#8221;fadeOut&#8221; include=&#8221;891,803,811,813,815,817,827,829,831,833,835,837,839,841,843,845,849,851,853,855,857,865,867,869,875,877,879,881,919,911,921,1009&#8243;][vc_separator][vc_column_text]<\/p>\n<p style=\"text-align: center;\">Se vuole avere maggiori informazioni, prenotare<\/p>\n<p style=\"text-align: center;\"><a href=\"https:\/\/www.lavillafrancesca.com\/it\/contatti\/\">contattateci<\/a><\/p>\n<p>[\/vc_column_text][\/vc_column][\/vc_row]<\/p>\n<\/div>","protected":false},"excerpt":{"rendered":"<p>[vc_row][vc_column][vc_empty_space height=&#8221;50px&#8221;][vc_column_text] \u00c8 un ambiente raffinato e familiare immerso tra gli ulivi. A prima vista questa villa lascia immaginare uno stile contemporaneo, indipendente, che si estende su una superficie di 600 metri quadrati. All\u2019interno la decorazione lascia il posto ai viaggi tra l\u2019Occidente e l\u2019Oriente, con la particolarit\u00e0 di godere di una vista panoramica grazie&hellip;<\/p>\n","protected":false},"author":1,"featured_media":0,"parent":0,"menu_order":2,"comment_status":"closed","ping_status":"closed","template":"","meta":{"footnotes":""},"class_list":["post-252","page","type-page","status-publish","hentry","description-off"],"yoast_head":"<!-- This site is optimized with the Yoast SEO plugin v27.5 - https:\/\/yoast.com\/product\/yoast-seo-wordpress\/ -->\n<title>Location di una villa in Italia, la Villa Francesca<\/title>\n<meta name=\"description\" content=\"Location di una villa con piscina in Italia.La Villa Francesca \u00e8 una sontuosa propriet\u00e0 ad affitare con piscina e parco in Calabria, nell\u2019 Italia Meridionale\" \/>\n<meta name=\"robots\" content=\"index, follow, max-snippet:-1, max-image-preview:large, max-video-preview:-1\" \/>\n<link rel=\"canonical\" href=\"https:\/\/www.lavillafrancesca.com\/it\/la-villa\/\" \/>\n<meta property=\"og:locale\" content=\"it_IT\" \/>\n<meta property=\"og:type\" content=\"article\" \/>\n<meta property=\"og:title\" content=\"Location di una villa in Italia, la Villa Francesca\" \/>\n<meta property=\"og:description\" content=\"Location di una villa con piscina in Italia.La Villa Francesca \u00e8 una sontuosa propriet\u00e0 ad affitare con piscina e parco in Calabria, nell\u2019 Italia Meridionale\" \/>\n<meta property=\"og:url\" content=\"https:\/\/www.lavillafrancesca.com\/it\/la-villa\/\" \/>\n<meta property=\"og:site_name\" content=\"Villa Francesca\" \/>\n<meta property=\"article:modified_time\" content=\"2026-02-04T14:34:21+00:00\" \/>\n<meta property=\"og:image\" content=\"https:\/\/www.lavillafrancesca.com\/wp-content\/uploads\/2016\/09\/30.jpg\" \/>\n<meta name=\"twitter:card\" content=\"summary_large_image\" \/>\n<meta name=\"twitter:label1\" content=\"Tempo di lettura stimato\" \/>\n\t<meta name=\"twitter:data1\" content=\"1 minuto\" \/>\n<script type=\"application\/ld+json\" class=\"yoast-schema-graph\">{\"@context\":\"https:\\\/\\\/schema.org\",\"@graph\":[{\"@type\":\"WebPage\",\"@id\":\"https:\\\/\\\/www.lavillafrancesca.com\\\/it\\\/la-villa\\\/\",\"url\":\"https:\\\/\\\/www.lavillafrancesca.com\\\/it\\\/la-villa\\\/\",\"name\":\"Location di una villa in Italia, la Villa Francesca\",\"isPartOf\":{\"@id\":\"https:\\\/\\\/www.lavillafrancesca.com\\\/it\\\/#website\"},\"datePublished\":\"2016-04-18T15:03:24+00:00\",\"dateModified\":\"2026-02-04T14:34:21+00:00\",\"description\":\"Location di una villa con piscina in Italia.La Villa Francesca \u00e8 una sontuosa propriet\u00e0 ad affitare con piscina e parco in Calabria, nell\u2019 Italia Meridionale\",\"breadcrumb\":{\"@id\":\"https:\\\/\\\/www.lavillafrancesca.com\\\/it\\\/la-villa\\\/#breadcrumb\"},\"inLanguage\":\"it-IT\",\"potentialAction\":[{\"@type\":\"ReadAction\",\"target\":[\"https:\\\/\\\/www.lavillafrancesca.com\\\/it\\\/la-villa\\\/\"]}]},{\"@type\":\"BreadcrumbList\",\"@id\":\"https:\\\/\\\/www.lavillafrancesca.com\\\/it\\\/la-villa\\\/#breadcrumb\",\"itemListElement\":[{\"@type\":\"ListItem\",\"position\":1,\"name\":\"Accueil\",\"item\":\"https:\\\/\\\/www.lavillafrancesca.com\\\/it\\\/\"},{\"@type\":\"ListItem\",\"position\":2,\"name\":\"La villa\"}]},{\"@type\":\"WebSite\",\"@id\":\"https:\\\/\\\/www.lavillafrancesca.com\\\/it\\\/#website\",\"url\":\"https:\\\/\\\/www.lavillafrancesca.com\\\/it\\\/\",\"name\":\"Villa Francesca\",\"description\":\"Location de villa de prestige avec piscine en Italie\",\"potentialAction\":[{\"@type\":\"SearchAction\",\"target\":{\"@type\":\"EntryPoint\",\"urlTemplate\":\"https:\\\/\\\/www.lavillafrancesca.com\\\/it\\\/?s={search_term_string}\"},\"query-input\":{\"@type\":\"PropertyValueSpecification\",\"valueRequired\":true,\"valueName\":\"search_term_string\"}}],\"inLanguage\":\"it-IT\"}]}<\/script>\n<!-- \/ Yoast SEO plugin. -->","yoast_head_json":{"title":"Location di una villa in Italia, la Villa Francesca","description":"Location di una villa con piscina in Italia.La Villa Francesca \u00e8 una sontuosa propriet\u00e0 ad affitare con piscina e parco in Calabria, nell\u2019 Italia Meridionale","robots":{"index":"index","follow":"follow","max-snippet":"max-snippet:-1","max-image-preview":"max-image-preview:large","max-video-preview":"max-video-preview:-1"},"canonical":"https:\/\/www.lavillafrancesca.com\/it\/la-villa\/","og_locale":"it_IT","og_type":"article","og_title":"Location di una villa in Italia, la Villa Francesca","og_description":"Location di una villa con piscina in Italia.La Villa Francesca \u00e8 una sontuosa propriet\u00e0 ad affitare con piscina e parco in Calabria, nell\u2019 Italia Meridionale","og_url":"https:\/\/www.lavillafrancesca.com\/it\/la-villa\/","og_site_name":"Villa Francesca","article_modified_time":"2026-02-04T14:34:21+00:00","og_image":[{"url":"https:\/\/www.lavillafrancesca.com\/wp-content\/uploads\/2016\/09\/30.jpg","type":"","width":"","height":""}],"twitter_card":"summary_large_image","twitter_misc":{"Tempo di lettura stimato":"1 minuto"},"schema":{"@context":"https:\/\/schema.org","@graph":[{"@type":"WebPage","@id":"https:\/\/www.lavillafrancesca.com\/it\/la-villa\/","url":"https:\/\/www.lavillafrancesca.com\/it\/la-villa\/","name":"Location di una villa in Italia, la Villa Francesca","isPartOf":{"@id":"https:\/\/www.lavillafrancesca.com\/it\/#website"},"datePublished":"2016-04-18T15:03:24+00:00","dateModified":"2026-02-04T14:34:21+00:00","description":"Location di una villa con piscina in Italia.La Villa Francesca \u00e8 una sontuosa propriet\u00e0 ad affitare con piscina e parco in Calabria, nell\u2019 Italia Meridionale","breadcrumb":{"@id":"https:\/\/www.lavillafrancesca.com\/it\/la-villa\/#breadcrumb"},"inLanguage":"it-IT","potentialAction":[{"@type":"ReadAction","target":["https:\/\/www.lavillafrancesca.com\/it\/la-villa\/"]}]},{"@type":"BreadcrumbList","@id":"https:\/\/www.lavillafrancesca.com\/it\/la-villa\/#breadcrumb","itemListElement":[{"@type":"ListItem","position":1,"name":"Accueil","item":"https:\/\/www.lavillafrancesca.com\/it\/"},{"@type":"ListItem","position":2,"name":"La villa"}]},{"@type":"WebSite","@id":"https:\/\/www.lavillafrancesca.com\/it\/#website","url":"https:\/\/www.lavillafrancesca.com\/it\/","name":"Villa Francesca","description":"Location de villa de prestige avec piscine en Italie","potentialAction":[{"@type":"SearchAction","target":{"@type":"EntryPoint","urlTemplate":"https:\/\/www.lavillafrancesca.com\/it\/?s={search_term_string}"},"query-input":{"@type":"PropertyValueSpecification","valueRequired":true,"valueName":"search_term_string"}}],"inLanguage":"it-IT"}]}},"_links":{"self":[{"href":"https:\/\/www.lavillafrancesca.com\/it\/wp-json\/wp\/v2\/pages\/252","targetHints":{"allow":["GET"]}}],"collection":[{"href":"https:\/\/www.lavillafrancesca.com\/it\/wp-json\/wp\/v2\/pages"}],"about":[{"href":"https:\/\/www.lavillafrancesca.com\/it\/wp-json\/wp\/v2\/types\/page"}],"author":[{"embeddable":true,"href":"https:\/\/www.lavillafrancesca.com\/it\/wp-json\/wp\/v2\/users\/1"}],"replies":[{"embeddable":true,"href":"https:\/\/www.lavillafrancesca.com\/it\/wp-json\/wp\/v2\/comments?post=252"}],"version-history":[{"count":11,"href":"https:\/\/www.lavillafrancesca.com\/it\/wp-json\/wp\/v2\/pages\/252\/revisions"}],"predecessor-version":[{"id":1129,"href":"https:\/\/www.lavillafrancesca.com\/it\/wp-json\/wp\/v2\/pages\/252\/revisions\/1129"}],"wp:attachment":[{"href":"https:\/\/www.lavillafrancesca.com\/it\/wp-json\/wp\/v2\/media?parent=252"}],"curies":[{"name":"wp","href":"https:\/\/api.w.org\/{rel}","templated":true}]}}

<div class="wpb-content-wrapper"><p>[vc_row][vc_column]<div id="ultimate-heading-507369f50bf2f29e0" class="uvc-heading ult-adjust-bottom-margin ultimate-heading-507369f50bf2f29e0 uvc-8999 " data-hspacer="no_spacer"  data-halign="center" style="text-align:center"><div class="uvc-heading-spacer no_spacer" style="top"></div><div class="uvc-main-heading ult-responsive"  data-ultimate-target='.uvc-heading.ultimate-heading-507369f50bf2f29e0 h2'  data-responsive-json-new='{"font-size":"","line-height":""}' ><h2 style="font-weight:normal;">Lusso, calma e voluttà sono le parole chiave del vostro soggiorno a VILLA FRANCESCA.</h2></div></div>[vc_empty_space height=&#8221;50px&#8221;][vc_column_text]</p>
<p class="western" align="justify">È un ambiente raffinato e familiare immerso tra gli ulivi. A prima vista questa villa lascia immaginare uno stile contemporaneo, indipendente, che si estende su una superficie di 600 metri quadrati. All’interno la decorazione lascia il posto ai viaggi tra l’Occidente e l’Oriente, con la particolarità di godere di una vista panoramica grazie alle vetrate che circondano questa dimora e lasciano entrare i caldi raggi del sole, permettendo di contemplare dei paesaggi lavorati con un’opera pittorica grazie ad una vasta gamma di vegetazione, un vero chiaroscuro di colori. La villa conta in totale dieci camere, ognuna dotata di bagno privato.</p>
<p class="western" align="justify">Da un lato voi sarete di fronte alla costa selvaggia, dall’altro di fronte alla vista spettacolare del mar iono. Il relax nel giardino vi invita a crogiolarvi sulle sedie a sdraio dove la vostra tranquillità sarà deliziata dal canto melodico delle cicale. Lusso, calma e voluttà sono le parole chiave del vostro soggiorno a VILLA FRANCESCA.</p>
<p>Vi proponiamo l’opportunità di affitare questa proprietà, una camera oppure anche una suite con un accesso a la piscina, al gardino, ma anche nei diversi <a href="https://www.lavillafrancesca.com/it/servizi/">servizi</a> offerti dalla Villa Francesca[/vc_column_text][vc_empty_space height=&#8221;30px&#8221;][vc_separator][vc_media_grid style=&#8221;pagination&#8221; items_per_page=&#8221;4&#8243; element_width=&#8221;3&#8243; arrows_design=&#8221;vc_arrow-icon-arrow_04_left&#8221; arrows_color=&#8221;white&#8221; paging_design=&#8221;point_dots&#8221; loop=&#8221;yes&#8221; grid_id=&#8221;vc_gid:1480346296401-b1c98e3c-6289-1&#8243; paging_animation_in=&#8221;fadeIn&#8221; paging_animation_out=&#8221;fadeOut&#8221; include=&#8221;891,803,811,813,815,817,827,829,831,833,835,837,839,841,843,845,849,851,853,855,857,865,867,869,875,877,879,881,919,911,921,1009&#8243;][vc_separator][vc_column_text]</p>
<p style="text-align: center;">Se vuole avere maggiori informazioni, prenotare</p>
<p style="text-align: center;"><a href="https://www.lavillafrancesca.com/it/contatti/">contattateci</a></p>
<p>[/vc_column_text][/vc_column][/vc_row]</p>
</div>

<p>[vc_row][vc_column][vc_empty_space height=&#8221;50px&#8221;][vc_column_text] È un ambiente raffinato e familiare immerso tra gli ulivi. A prima vista questa villa lascia immaginare uno stile contemporaneo, indipendente, che si estende su una superficie di 600 metri quadrati. All’interno la decorazione lascia il posto ai viaggi tra l’Occidente e l’Oriente, con la particolarità di godere di una vista panoramica grazie&hellip;</p>

<!-- This site is optimized with the Yoast SEO plugin v27.5 - https://yoast.com/product/yoast-seo-wordpress/ -->
<title>Location di una villa in Italia, la Villa Francesca</title>
<meta name="description" content="Location di una villa con piscina in Italia.La Villa Francesca è una sontuosa proprietà ad affitare con piscina e parco in Calabria, nell’ Italia Meridionale" />
<meta name="robots" content="index, follow, max-snippet:-1, max-image-preview:large, max-video-preview:-1" />
<link rel="canonical" href="https://www.lavillafrancesca.com/it/la-villa/" />
<meta property="og:locale" content="it_IT" />
<meta property="og:type" content="article" />
<meta property="og:title" content="Location di una villa in Italia, la Villa Francesca" />
<meta property="og:description" content="Location di una villa con piscina in Italia.La Villa Francesca è una sontuosa proprietà ad affitare con piscina e parco in Calabria, nell’ Italia Meridionale" />
<meta property="og:url" content="https://www.lavillafrancesca.com/it/la-villa/" />
<meta property="og:site_name" content="Villa Francesca" />
<meta property="article:modified_time" content="2026-02-04T14:34:21+00:00" />
<meta property="og:image" content="https://www.lavillafrancesca.com/wp-content/uploads/2016/09/30.jpg" />
<meta name="twitter:card" content="summary_large_image" />
<meta name="twitter:label1" content="Tempo di lettura stimato" />
	<meta name="twitter:data1" content="1 minuto" />
<script type="application/ld+json" class="yoast-schema-graph">{"@context":"https:\/\/schema.org","@graph":[{"@type":"WebPage","@id":"https:\/\/www.lavillafrancesca.com\/it\/la-villa\/","url":"https:\/\/www.lavillafrancesca.com\/it\/la-villa\/","name":"Location di una villa in Italia, la Villa Francesca","isPartOf":{"@id":"https:\/\/www.lavillafrancesca.com\/it\/#website"},"datePublished":"2016-04-18T15:03:24+00:00","dateModified":"2026-02-04T14:34:21+00:00","description":"Location di una villa con piscina in Italia.La Villa Francesca è una sontuosa proprietà ad affitare con piscina e parco in Calabria, nell’ Italia Meridionale","breadcrumb":{"@id":"https:\/\/www.lavillafrancesca.com\/it\/la-villa\/#breadcrumb"},"inLanguage":"it-IT","potentialAction":[{"@type":"ReadAction","target":["https:\/\/www.lavillafrancesca.com\/it\/la-villa\/"]}]},{"@type":"BreadcrumbList","@id":"https:\/\/www.lavillafrancesca.com\/it\/la-villa\/#breadcrumb","itemListElement":[{"@type":"ListItem","position":1,"name":"Accueil","item":"https:\/\/www.lavillafrancesca.com\/it\/"},{"@type":"ListItem","position":2,"name":"La villa"}]},{"@type":"WebSite","@id":"https:\/\/www.lavillafrancesca.com\/it\/#website","url":"https:\/\/www.lavillafrancesca.com\/it\/","name":"Villa Francesca","description":"Location de villa de prestige avec piscine en Italie","potentialAction":[{"@type":"SearchAction","target":{"@type":"EntryPoint","urlTemplate":"https:\/\/www.lavillafrancesca.com\/it\/?s={search_term_string}"},"query-input":{"@type":"PropertyValueSpecification","valueRequired":true,"valueName":"search_term_string"}}],"inLanguage":"it-IT"}]}</script>
<!-- / Yoast SEO plugin. -->

Location di una villa con piscina in Italia.La Villa Francesca è una sontuosa proprietà ad affitare con piscina e parco in Calabria, nell’ Italia Meridionale
